number?
False
Let x be 2/14 - (-106902)/63 - -2. Let f = x + -1002. Is f a composite number?
True
Let f(x) = 21*x + 11. Let q be f(12). Is (9 - -1)/5 + q prime?
False
Suppose 8 = a + a. Let t(u) = 106*u - 15. Is t(a) a composite number?
False
Let d(z) = 298*z**2 + 7*z - 10. Let b be d(4). Suppose -2*c = -4*c + b. Is c a prime number?
True
Let z(m) = -9*m**3 + 6*m**2 - 10*m + 7. Is z(-6) composite?
True
Let q(x) = 4833*x + 11. Is q(2) a composite number?
False
Let q = 24780 - 6877. Is q prime?
True
Suppose -4990 = -5*u + 920. Suppose -5*k + 14469 - 2494 = 0. Let l = k - u. Is l composite?
False
Suppose o + 298 = 4*n + 1275, 5*o - 4*n = 4885. Is o a prime number?
True
Is 4 + (-2)/((-4)/1062) a composite number?
True
Suppose -6 = -3*j + 6. Suppose 5*m - 2174 = -j*s, 6*s - 2*m = 5*s + 537. Is s a prime number?
True
Let n = -304 + 457. Suppose -3*a + n = -1770. Is a a composite number?
False
Suppose -2*r - 3*o = -4452 + 1763, -2*o = r - 1344. Is r a prime number?
False
Let o = 2421 + 112. Is o prime?
False
Let h be (-1 + 3)*(-44)/8. Let y(t) be the third derivative of t**6/120 + t**5/5 - 17*t**4/24 - 5*t**3/2 + 15*t**2. Is y(h) composite?
False
Let p = -1 + 6. Suppose -22 = -p*d - n, -3*d + n + 16 = 3*n. Suppose d*u = 3*u + 211. Is u a composite number?
False
Let m be (704/5)/(-1)*-5. Let i be (0/(-1))/(7 + -4). Suppose 5*h - m = 2*p + 3, i = -3*h - 3*p + 441. Is h a composite number?
True
Suppose 0 = -2*p - 2*p - 52. Let g(k) = k**2 + 14*k + 18. Let i be g(p). Suppose 5*y + i*o = 80, 0 - 20 = -2*y + 4*o. Is y a composite number?
True
Let m(u) = 4*u**2 + u - 7. Let i be m(-3). Suppose -5*c = 34 + i. Is -96*56/c + -1 a composite number?
True
Let q = 505 + -1146. Is (q/1)/(-1 - 0) prime?
True
Let i = -371 + 1180. Is i prime?
True
Let h(x) = -20*x**2 + 103*x - 21. Let i(q) = -7*q**2 + 34*q - 7. Let p(b) = 6*h(b) - 17*i(b). Is p(12) composite?
True
Let z(r) = 463*r**2 + 7*r + 41. Is z(6) composite?
True
Suppose 10 = -4*z + 9*z. Let d be -513 - -4*(-1)/z. Let j = d - -1188. Is j composite?
False
Let k be (4 + 0)*(-66)/(-88). Suppose 0 = c - 3*w - 265, -3*c + 751 = -w + k*w. Is c a composite number?
True
Suppose -4*g + f + 18771 = 3923, -2*g - 3*f = -7438. Is g a prime number?
False
Suppose 0 = -r + 2*r + 4*q + 18, -5*r = 3*q + 5. Suppose 0 = -r*x - i + 4487, -3268 + 1026 = -x - i. Is x prime?
False
Let d be 71/6 + (-5)/(-30). Suppose -5*n = -n + d. Is 2904/(-16)*2/n composite?
True
Let s be 29127/15 + 2 - 3/(-15). Let k = s + -143. Is k composite?
False
Suppose -3*p = 2*p - 24545. Is 2/(((-7)/(28/(-8)))/p) a prime number?
True
Suppose 2*w = 4*w - 20. Let c = -5 + w. Suppose 0 = -3*t + 3*m - 7*m + 981, 5*t - c*m = 1670. Is t a prime number?
True
Let i = -22 + 26. Let n be 6*1/(6/i). Suppose 157 = o + 4*l, n*o + 2*l - 600 = -0*l. Is o a composite number?
False
Suppose 4*q - 3795 = -2*z + 499, -3*q = -4*z + 8643. Is z a prime number?
False
Is ((-11838)/(-9))/(138/18 + -7) a composite number?
False
Let l = 10999 + 13800. Is l a prime number?
True
Suppose -1296 = 3*m + 537. Let p = 870 - m. Is p prime?
True
Let q be (-96)/(-168) - (-500)/7. Suppose -76*t + 11260 = -q*t. Is t composite?
True
Is -3 - (17026/(-2) + (-11 - -8)) prime?
True
Let t be -19*(0 + (-4 - -3)). Let f = 22 - t. Suppose -2*y + 1148 = -5*o - 3, -y = f*o - 548. Is y a prime number?
True
Let w(b) = 5*b**2 - 17*b - 101. Is w(-14) prime?
True
Let x be (96/(-20))/((-4)/40). Let i = x - -97. Is i composite?
True
Let f(a) = -a**3 + 4*a**2 - 2*a - 2. Let q be f(3). Suppose v + q + 4 = 0, -610 = -5*j - 5*v. Is j a composite number?
False
Suppose 5153 = 3*w - 2677. Let i = -1789 + w. Is i a composite number?
False
Suppose 0 = -3*o - p - 4*p + 337888, 450474 = 4*o - 2*p. Is o a prime number?
True
Let a(d) = 7*d**2 - 3*d + 9. Let s(j) = 8*j**2 - 4*j + 10. Let w(l) = 7*a(l) - 6*s(l). Let x be w(-9). Suppose 3*k - k - 18 = 4*p, 4*k = p + x. Is k prime?
False
Let u(c) = 135*c**2 + 8*c - 9. Is u(-14) a prime number?
True
Suppose 0 = 8*s + 25 - 9. Is (-2)/(-2)*s + 143 prime?
False
Suppose 3*l - 4*d = 1183, 3*l - 4*d - 1181 = -2*d. Is l a composite number?
True
Suppose -2*w + 11 = -3*q, -3*w + 3*q - q + 14 = 0. Suppose -483 = -3*x - w*x. Is x a prime number?
False
Suppose 4*j - 27 = -5*c + 2*c, 5*j = 5*c - 10. Suppose -z + 2*a = -2*z + 832, -j*a = 4*z - 3353. Let h = z - 489. Is h composite?
False
Is (209/(-44))/((-4)/14032) a composite number?
True
Suppose 6*b - 4*b = 22. Suppose 3*x - 12 = 3*i, -4*i + 5 = -b. Let g(j) = 3*j**2 - 1. Is g(x) a prime number?
True
Let k(a) = -435*a + 25. Is k(-14) prime?
False
Let l(p) = 2*p**2 + 6*p - 7. Let u be l(-5). Suppose -4*o - u = 15. Is (-1)/o + (-2296)/(-49) a composite number?
False
Let n be (0/(-2) - 2)*6. Let l = n - -17. Suppose 0*x = -l*x + 575. Is x prime?
False
Suppose 17*f - 155233 = 3496. Is f prime?
True
Let k be (9 - 5)*22227/12. Suppose 3*q + 1484 = h, 8*q = 5*h + 4*q - k. Is h a composite number?
False
Suppose f - 2*p = 5*f - 6786, 5*f - 8515 = 4*p. Suppose 2*n - f = -365. Is n a composite number?
True
Let n(r) = 5*r**2 - 2*r + 1. Let u(v) = v**2 - v - 4. Suppose q = 2*q. Let a be u(q). Is n(a) composite?
False
Let g(z) = -z**3 + 6*z**2 + 4. Let q be g(6). Let i(o) = -2*o + 2 - 5 + 2*o**2 - q*o. Is i(-4) a composite number?
False
Is ((-43592)/12)/(4/(-6)) composite?
False
Let w(j) = -315*j**3 - j**2 + j + 2. Let l be w(-2). Is l/5 + 3/(-15) a prime number?
True
Let s be (-28)/(-7) + 4*123. Suppose -2*p - 4*o + s = 0, -3*p = -0*p - o - 744. Suppose -2*i = -78 - p. Is i composite?
False
Suppose -11*d + 7*d + 4*y = -17316, -2*d + 8656 = -y. Is d prime?
True
Let f = 5658 + -2890. Suppose -o = 3*q - 7*q + 2784, 4*q - 5*o - f = 0. Is q a composite number?
True
Let v(k) = -42*k - 1. Let u be v(-14). Let j = u + -379. Suppose j = g - 5*n, -3*g + 3*n = -480 - 180. Is g a prime number?
True
Let y be 1/((-2)/(18/3)). Is 114 - (1 - y - 1) a prime number?
False
Is -3 + (8 + -6)*81304/4 a composite number?
True
Let d = -12 + 15. Let l(x) = 0*x**2 - 3*x**2 + 2*x + 4*x**2 + x**d + 653 - 246. Is l(0) composite?
True
Let n(r) = 156*r**3 + 5*r**2 - 3. Is n(4) prime?
True
Suppose 6 = -2*z - 4*r, 0*z - 17 = -z + 2*r. Suppose z*b + 195 - 2554 = 0. Is b composite?
False
Suppose c - 4 = -0*c. Suppose -5*m - 180 = -0*v + v, -3*m = -c*v - 651. Let q = -96 - v. Is q composite?
True
Suppose 15 = 9*y - 12. Suppose 1031 = 5*g + y*v - 0*v, -3*g + 605 = -5*v. Is g prime?
False
Let w(g) = -2*g**3 - 4*g**2 - 4*g - 1. Let k be w(5). Let f = 664 + k. Is f a composite number?
False
Let m(f) = -4*f**3 - 14*f**2 - 15*f. Is m(-13) prime?
False
Let s(c) = 9*c**2 - 20 - 4*c + 15*c + 7*c**2 + 10. Is s(9) a prime number?
False
Let s be (-3 - 0) + 0 + 7. Suppose -1069 + 305 = -s*d. Is d a prime number?
True
Let k be (-18)/(-27)*(-33)/(-1). Is (-4)/k + (-18408)/(-88) prime?
False
Let q(a) = a**2 + 6*a + 6. Let k be q(-2). Is k/4 + (-875)/28*-14 composite?
True
Let u(j) = j + 1. Let k(y) = 10*y + 6. Let p(n) = -k(n) + 4*u(n). Let a be p(-1). Is ((-120)/36)/(a/(-354)) prime?
False
Suppose -147 = -4*r + 69. Let c(l) = -38*l - 15 + 32*l + 26*l + r*l. Is c(7) a prime number?
True
Suppose 43*b - 1177050 = 776827. Is b a prime number?
True
Let q(d) = 13*d**3 - 3*d**2 + 5*d + 62. Is q(7) a prime number?
True
Let w = -24858 - -35077. Is w composite?
True
Suppose -5*k + 65807 = 2*v, -2*k - 2*v = -0*v - 26318. Is k a composite number?
False
Suppose -2*q + 1500 = 3*f, -2*f + q + 1491 = f. Let k = f + -181. Is k composite?
False
Suppose 0 = 3*j + 9 + 6. Let i = -52 - -48. Is j/20 + (-2973)/i a prime number?
True
Suppose -4*x - 106 - 82 = 0. Let m = 24 - x. Is m composite?
False
Let r be (-10)/(-6)*(2 + 1). Suppose -r*b - 336 - 644 = 0. Let i = -117 - b. Is i a prime number?
True
Let k(j) = 3*j**3 - 22*j**2 - 51*j + 11. Is k(19) composite?
False
Is 2391*(30/(-18) + 2) composite?
False
Suppose -5*w = 2*i + 5469, w + 3680 = -5*i - 9981. Let q = 4434 + i. Suppose 2*o - 677 = -5*g, 0*o - q = -5*o - 3*g. Is o composite?
True
Let c = -28343 + 91960. Is c a composite number?
False
Let i = 7 - 4. Let u be (1 + 2)/i + 18. Let r = u + -9. Is r prime?
False
Let m be 105/(-9) + (-2)/6. Let r(p) = -2*p**2 - 4*p + 5. Let z(h) = -h + 1. Let s(k) = -r(k) - 6*z(k). Is s(m) prime?
True
Suppose -4*c - 2*k + 5431 = c, 0 = -k -